{"id":1109,"date":"2015-12-09T12:06:01","date_gmt":"2015-12-09T10:06:01","guid":{"rendered":"http:\/\/diag-mav-essen.de\/?page_id=1109"},"modified":"2017-09-13T11:27:43","modified_gmt":"2017-09-13T09:27:43","slug":"mav-logo","status":"publish","type":"page","link":"https:\/\/diag-mav-essen.de\/?page_id=1109","title":{"rendered":"MAV-Logo"},"content":{"rendered":"<p>Das MAV-Logo zur freien Verwendung f\u00fcr Ihre MAV-Arbeit. Dieses darf erg\u00e4nzt (z. B. mit dem Namen der Einrichtung), jedoch nicht ver\u00e4ndert werden.<\/p>\n<p>MAV-Logo: <a href=\"https:\/\/diag-mav-essen.de\/wp-content\/uploads\/2015\/12\/mav_Logo.tif\">Download<\/a><br \/>\nMAV-Logo &#8222;Wir. F\u00fcr Sie.&#8220;: <a href=\"https:\/\/diag-mav-essen.de\/wp-content\/uploads\/2017\/09\/mav_Logo_wir_fuer_Sie.tif\" target=\"_blank\" rel=\"noopener\">Download<\/a><\/p>\n","protected":false},"excerpt":{"rendered":"<p>Das MAV-Logo zur freien Verwendung f\u00fcr Ihre MAV-Arbeit. Dieses darf erg\u00e4nzt (z. B. mit dem Namen der Einrichtung), jedoch nicht ver\u00e4ndert werden. MAV-Logo: Download MAV-Logo &#8222;Wir. F\u00fcr Sie.&#8220;: Download<\/p>\n","protected":false},"author":1,"featured_media":0,"parent":0,"menu_order":0,"comment_status":"closed","ping_status":"closed","template":"","meta":{"footnotes":""},"class_list":["post-1109","page","type-page","status-publish","hentry"],"publishpress_future_action":{"enabled":false,"date":"2026-04-17 23:28:43","action":"change-status","newStatus":"draft","terms":[],"taxonomy":"","extraData":[]},"publishpress_future_workflow_manual_trigger":{"enabledWorkflows":[]},"_links":{"self":[{"href":"https:\/\/diag-mav-essen.de\/index.php?rest_route=\/wp\/v2\/pages\/1109","targetHints":{"allow":["GET"]}}],"collection":[{"href":"https:\/\/diag-mav-essen.de\/index.php?rest_route=\/wp\/v2\/pages"}],"about":[{"href":"https:\/\/diag-mav-essen.de\/index.php?rest_route=\/wp\/v2\/types\/page"}],"author":[{"embeddable":true,"href":"https:\/\/diag-mav-essen.de\/index.php?rest_route=\/wp\/v2\/users\/1"}],"replies":[{"embeddable":true,"href":"https:\/\/diag-mav-essen.de\/index.php?rest_route=%2Fwp%2Fv2%2Fcomments&post=1109"}],"version-history":[{"count":4,"href":"https:\/\/diag-mav-essen.de\/index.php?rest_route=\/wp\/v2\/pages\/1109\/revisions"}],"predecessor-version":[{"id":2722,"href":"https:\/\/diag-mav-essen.de\/index.php?rest_route=\/wp\/v2\/pages\/1109\/revisions\/2722"}],"wp:attachment":[{"href":"https:\/\/diag-mav-essen.de\/index.php?rest_route=%2Fwp%2Fv2%2Fmedia&parent=1109"}],"curies":[{"name":"wp","href":"https:\/\/api.w.org\/{rel}","templated":true}]}}